16641 = 11*x. List the prime factors of l.
2, 43, 73
Let m be 36/(-126) - (-3215)/7. List the prime factors of (-6 + 2 - -4) + m.
3, 17
Let n = -416 + 416. Suppose 3*h + 2*h + 3*b - 1808 = n, b + 1804 = 5*h. List the prime factors of h.
19
Let x be (-20)/110 - (-2 - 60/(-33)). Let r = -13 + x. Let y(w) = -11*w + 28. List the prime factors of y(r).
3, 19
Let g(i) = 2501*i**2 - 766*i + 3838. List the prime factors of g(5).
62533
Let d(j) = -68*j + 6. Let w be 2*(-4)/10 + (-56)/280. What are the prime factors of d(w)?
2, 37
Suppose 0 = 24*b - 3249 - 999. Suppose -7*m = -180 - b. List the prime factors of m.
3, 17
Suppose 0 = -11*z - 2*z + 286. Let i(j) = j + 1. Let y be i(1). Suppose -350 = -y*a - z. What are the prime factors of a?
2, 41
Suppose 3*m = 5*p - 125479, 28*m - 30*m - 25107 = -p. What are the prime factors of p?
11, 2281
Let q = -9179 + 19448. List the prime factors of q.
3, 7, 163
Suppose 4*h - 316652 = 4*q, 3*h + 28084 - 265567 = 5*q. What are the prime factors of (-2)/5 - h/(-115)?
2, 43
Let z(g) = g**3 + 7*g**2 + 6*g + 4. Let t be z(-6). Let c = -21 + 65. Suppose -c = -t*f + 64. What are the prime factors of f?
3
Suppose -35*v + 7255 + 9685 = 0. List the prime factors of v.
2, 11
Let l = 260 - 276. List the prime factors of (-9 + (-124)/l)/((-2)/2304).
2, 3, 5
Suppose 31079 = n + 2*d, 7*d + 310934 = 10*n + 9*d. What are the prime factors of n?
3, 5, 691
Suppose 11139 = 5*v - 8161. Suppose o = -19*o + v. List the prime factors of o.
193
Suppose -5*u + 315508 = 56643. What are the prime factors of u?
23, 2251
Suppose -1712*b = -1714*b + 834. Let a = -283 + b. What are the prime factors of a?
2, 67
What are the prime factors of (1 - -1)/(1 + ((-8032296)/1004071)/8)?
59063
Let q(h) = -104*h + 251. Let o(p) = -52*p + 126. Let l(j) = 5*o(j) - 2*q(j). List the prime factors of l(-21).
2, 5, 61
Suppose -576 = 39*l - 63*l. Suppose m - 101 = -l. What are the prime factors of m?
7, 11
Let v(f) = 2*f**3 + f**2 + 4*f + 1. Let b be (-7)/1 - -1 - -1. Let z be v(b). Let p = z + 387. List the prime factors of p.
11, 13
Suppose 726*q - 3*a - 25053 = 724*q, -2*a - 12529 = -q. What are the prime factors of q?
3, 13, 107
Suppose 0 = 48*m + m + 18*m - 7973. Suppose 5*w + 132 = 2*s, w - 124 = -2*s + 2*w. Let q = m - s. List the prime factors of q.
2, 29
Suppose 0 = -19*y - 5*y + 7728. Suppose -q + 1076 - y = 0. List the prime factors of q.
2, 13, 29
Let z = -1981 - -91791. What are the prime factors of z?
2, 5, 7, 1283
Suppose -6*h = -10*h + 5*v + 175, 4*v + 221 = 5*h. What are the prime factors of h/6*(-664)/(-10)?
2, 3, 83
Let a = 66 - -152. Let t = a - -87. What are the prime factors of t?
5, 61
Let w(j) = 3*j**2 + 14*j - 10. Let g be w(-7). Let q = g + -37. Let h(o) = 11*o**2 + 5*o - 7. What are the prime factors of h(q)?
47
Suppose 0 = -g - 3*p + 1910, -21*g + 18*g + 5720 = -p. What are the prime factors of g?
1907
Let p(g) = 382*g**2 + 49*g + 471. What are the prime factors of p(-7)?
2, 3, 349
Let r = 252 + -243. Suppose -r*g + 4*g + 2*h = -1721, 5*h = -15. List the prime factors of g.
7
Suppose -20 = -3*y + y + 5*l, l = 3*y - 17. Suppose 0 = -y*k + 3*k + 192. List the prime factors of k.
2, 3
Let l(f) be the second derivative of -7*f**4/12 - 2*f**3/3 + 10*f**2 - 26*f. Let k be l(5). Let g = -67 - k. What are the prime factors of g?
2, 3
Let c(v) = -1 - 5*v - 12 - 14*v**2 - 13 + 13*v + 4*v**3. List the prime factors of c(6).
2, 191
Let u = 222 - -5067. List the prime factors of u.
3, 41, 43
Suppose 3*y + 3 = 0, -13*w + 8*w + 5*y + 55 = 0. List the prime factors of (-490)/(-28)*536/w.
2, 7, 67
Let r(q) = -13*q - 4. Let i be r(-1). Let h be 11*(-5 + i/3)*1. List the prime factors of ((-7)/(-14))/((-1)/h).
11
Let o(x) = -7*x - 24. Let r be o(14). Let v = r - -124. Suppose -5*p + v*p = 4*k - 735, 0 = -5*p + 4*k + 1193. List the prime factors of p.
241
Let b(c) be the third derivative of -4*c**4 - 8*c**2. Suppose 0 = -5*s - 5. What are the prime factors of b(s)?
2, 3
Suppose -2*s + s - 153 = 0. Let v = s + 285. List the prime factors of v.
2, 3, 11
Let a(n) = 103*n**2 + 1. Let p be a(-2). Let r = p - 223. List the prime factors of r.
2, 5, 19
Suppose -25 + 1 = 12*k. Let m be ((-5)/4)/(k/16). Suppose -2*f + 4*n = -322, -2 - m = 3*n. What are the prime factors of f?
3, 17
Suppose -36*y - 163820 = -41*y + 5*m, 2*m - 163855 = -5*y. List the prime factors of y.
3, 11, 331
Let q = 24 - 20. Suppose 5*a + 3*h = h + 148, -q*a + 123 = -3*h. Suppose -c = -4*c + a. List the prime factors of c.
2, 5
Let r = -44130 + 47613. List the prime factors of r.
3, 43
Let a be 13/(65/(-30)) + 4. Let l be 5*a/(-5) - -5. Suppose l*b - 27 = 113. What are the prime factors of b?
2, 5
Let w = 284 + -246. Suppose -44*u + 5790 = -w*u. List the prime factors of u.
5, 193
Suppose 18*q - 109984 = 429530. List the prime factors of q.
3, 97, 103
Let w(l) = 3*l**2 - 211*l - 1740. What are the prime factors of w(97)?
2, 5, 7, 43
Suppose -12*l = -16*l - 24, -4*a + 70508 = -4*l. What are the prime factors of a?
67, 263
Suppose m + a = -4, m + 12 = -4*a + a. Suppose -38*c - 14238 + 57368 = m. What are the prime factors of c?
5, 227
Suppose 0 = -2*r - 2*f + 30490, 173*r + 2*f - 15243 = 172*r. What are the prime factors of r?
79, 193
Let q = -14898 + 28753. What are the prime factors of q?
5, 17, 163
Suppose -16445 = -159*j + 172*j. Let y = 1937 + j. List the prime factors of y.
2, 3, 7
Suppose 4*d = 2*y - 20458, 34225 = 2*y + d + 13782. List the prime factors of y.
10223
Suppose -3*j = 0, 3*r + 140 = -5*j + 95. Let v = 217 + r. What are the prime factors of v?
2, 101
Suppose -5*m + 0*m = 5*l + 1455, 4*l - 2*m + 1188 = 0. Let n = 362 + l. What are the prime factors of n?
67
Let z(f) = -316*f - 316. List the prime factors of z(-6).
2, 5, 79
What are the prime factors of (-13 - 9462)*(-99)/55?
3, 5, 379
Suppose -4*v = s - 1, -4 = -5*v - 9. Suppose 6*c + 6 = -r + 2*c, 3*r - s*c = 16. Suppose -o + 1151 = 5*b - r*o, -o = 3*b - 689. List the prime factors of b.
2, 5, 23
Let n be -5 + 8/16*-8. List the prime factors of (4668/6 - n)*2/2.
787
Let y(s) = -418*s - 151. Let x be y(-5). Suppose 3*i = 590 + x. List the prime factors of i.
3, 281
Suppose 3*q + 73019 = 2*t, 2*t = -11*q + 18040 + 55105. What are the prime factors of t?
36523
Suppose 256 - 235 = 7*x. Suppose x*h + 280 = -g + 972, 3*g - 4*h = 2128. What are the prime factors of g?
2, 11
What are the prime factors of (-24)/(-180) + (-65726)/(-30)?
7, 313
List the prime factors of 12512448/585 + 12/10.
2, 3, 5, 23, 31
Suppose -7*k = -2*i - 6*k + 250, 258 = 2*i - 3*k. Let c = i + 75. List the prime factors of c.
2, 3, 11
Let k be ((-8)/(-12))/((24/10233)/4). Suppose 3*f + 3*j - k = 0, 10*f - 14*f + 5*j + 1534 = 0. List the prime factors of f.
3, 127
Let z = -1336 + 13801. What are the prime factors of z?
3, 5, 277
Suppose 18 - 8 = -5*h. List the prime factors of (3 - 7/h)*(-18 - -116).
7, 13
Let j(q) = 20*q + 40*q**2 + 19 - 47*q + 21*q. List the prime factors of j(3).
19
Suppose -12*d - 14 = -14*d. Suppose -v = 4*z - 8, -10 = -5*z + 4*v - d*v. Suppose -f + 9 = 2*b - 9, z*b - 5*f - 30 = 0. List the prime factors of b.
2, 5
Let s = -927 + 1359. Let o = s + -182. List the prime factors of o.
2, 5
Let g(s) = -9*s**2 + 9*s - 19. Let j be g(6). Let q = -129 - j. List the prime factors of q.
2, 5
Let d(n) = -52*n + 710. List the prime factors of d(-52).
2, 3, 569
Let x(h) = h**2 - 2*h - 11. Let t be x(5). Let c be (-1 + 18/8)*t. Suppose c*o + p = 465, -2*p = -2*o - p + 179. List the prime factors of o.
2, 23
Let t(n) = n**3 - 2*n**2 - 5*n + 30. Let i be t(10). Suppose -4*k + 2*s = -2*s - i, 5*k - 2*s - 960 = 0. What are the prime factors of k?
2, 5, 19
Suppose 0 = 20*t - 5*t - 8925. Let s = 42 + -42. Suppose 3*b + t = 4*m, -5*m - 5*b = -s*b - 735. What are the prime factors of m?
2, 37
Let j(k) = 12*k**2 + 3*k + 3. Let d be j(-2). Let t = 72 - d. Suppose u = 2*u - t. List the prime factors of u.
3
Let t(b) = b**2 + 4*b - 16. Let j(h) = 3*h**2 + 7*h - 33. Let k(o) = 2*j(o) - 5*t(o). Suppose 62 - 128 = 11*w. What are the prime factors of k(w)?
2, 43
Let p(l) = 269*l - 404. Let o(w) = 270*w - 402. Let z(a) = -4*o(a) + 5*p(a). List the prime factors of z(6).
2, 19, 31
Let b = 9325 - 8764. What are the prime factors of b?
3, 11, 17
Let i(x) = -13*x - 5. Le